False
Is 101174582 a multiple of 95?
False
Does 73 divide 124176577?
True
Does 498 divide 111887336?
False
Is 460575082 a multiple of 4?
False
Is 33356220 a multiple of 2355?
True
Is 727179896 a multiple of 31?
True
Is 4 a factor of 344894249?
False
Does 11 divide 10349647?
True
Is 12682593 a multiple of 7?
True
Is 4 a factor of 597371478?
False
Is 12879357 a multiple of 89?
False
Does 198 divide 5466780?
True
Is 120807215 a multiple of 7?
False
Does 24 divide 552466296?
True
Is 20643999 a multiple of 82?
False
Does 2928 divide 296544912?
True
Is 802854 a multiple of 146?
True
Is 394 a factor of 709530625?
False
Is 3442892646 a multiple of 193?
True
Does 6116 divide 3313349116?
True
Does 304 divide 161945721?
False
Is 25404270 a multiple of 30?
True
Does 137 divide 6831289?
False
Is 41 a factor of 23779754?
True
Does 670 divide 112177430?
True
Does 20 divide 6733062855?
False
Is 836101134 a multiple of 6077?
False
Does 28 divide 289738071?
False
Is 49 a factor of 101118869?
False
Is 7066115614 a multiple of 23?
True
Is 33 a factor of 1597566689?
False
Does 29 divide 20514013?
False
Is 931 a factor of 189787143?
True
Is 3794493 a multiple of 1839?
False
Is 6809 a factor of 1868146699?
False
Is 35912211 a multiple of 17?
True
Does 380 divide 3290886326?
False
Does 241 divide 3037805?
True
Is 9014 a factor of 2787480346?
True
Does 1685 divide 119154227?
False
Is 42 a factor of 15188712?
True
Is 10317 a factor of 1373538757?
False
Is 11786 a factor of 4514544798?
True
Is 29833811 a multiple of 37?
False
Is 177 a factor of 263760090?
True
Does 15 divide 237872625?
True
Does 42 divide 92646708?
True
Is 165811350 a multiple of 492?
False
Is 132637242 a multiple of 28?
False
Is 2160 a factor of 335482560?
True
Is 282 a factor of 101216286?
True
Is 55777260 a multiple of 30?
True
Is 68681139 a multiple of 867?
True
Is 223724715 a multiple of 1535?
True
Does 21 divide 15950618?
False
Is 444039336 a multiple of 36?
True
Does 109 divide 6700121?
True
Does 13 divide 63790376?
True
Does 58 divide 60178520?
False
Is 28001295 a multiple of 105?
True
Does 21 divide 244836291?
True
Is 8 a factor of 273387826?
False
Is 602300429 a multiple of 17?
True
Does 141 divide 32675481?
True
Is 458 a factor of 9008402?
True
Is 298991400 a multiple of 4584?
True
Does 6371 divide 957605948?
False
Does 146 divide 884753981?
False
Is 582 a factor of 559976033?
False
Is 4171 a factor of 331537350?
False
Is 28420515 a multiple of 443?
False
Is 99173335 a multiple of 265?
True
Does 350 divide 312164300?
True
Is 990 a factor of 153784730?
False
Does 166 divide 411045382?
True
Is 2494789 a multiple of 324?
False
Is 713 a factor of 15686591?
False
Is 15073038 a multiple of 303?
True
Is 336563565 a multiple of 39?
True
Is 7170177 a multiple of 2?
False
Does 4130 divide 19563810?
True
Is 127 a factor of 2790660?
False
Does 4731 divide 119781963?
False
Does 2 divide 309849730?
True
Does 221 divide 3836232?
False
Is 24160400 a multiple of 425?
True
Is 87 a factor of 93616159?
False
Is 1753 a factor of 127290589?
True
Does 79 divide 91408238?
False
Does 29 divide 968022030?
True
Does 46 divide 2479446?
True
Does 104 divide 330010162?
False
Is 65 a factor of 54226445?
True
Does 3303 divide 44998262?
False
Is 458 a factor of 153693350?
True
Is 137 a factor of 307518071?
False
Is 1022042092 a multiple of 12?
False
Does 66 divide 386655588?
True
Is 2224481410 a multiple of 12?
False
Is 1848928 a multiple of 113?
False
Is 10 a factor of 11551280?
True
Does 132 divide 292457686?
False
Is 116618032 a multiple of 6?
False
Is 225 a factor of 85939909?
False
Is 7076364 a multiple of 92?
True
Does 21 divide 38229072?
True
Is 151174365 a multiple of 341?
False
Is 484229420 a multiple of 20?
True
Does 941 divide 800619831?
False
Is 132267570 a multiple of 10?
True
Does 40 divide 10996440?
True
Is 123190749 a multiple of 72?
False
Is 16 a factor of 104941658?
False
Does 36 divide 660123072?
True
Does 739 divide 271336986?
False
Does 2146 divide 201887671?
False
Is 2479 a factor of 5509351?
False
Does 160 divide 139061280?
True
Is 596467081 a multiple of 579?
False
Does 4986 divide 453294274?
False
Is 1642 a factor of 6020481?
False
Is 119 a factor of 14843822?
True
Does 3 divide 1578008?
False
Is 282 a factor of 151291590?
True
Is 56186024 a multiple of 42?
False
Does 26 divide 5590442?
True
Is 232603461 a multiple of 2988?
False
Is 612307 a multiple of 330?
False
Does 20 divide 260651740?
True
Is 6948354 a multiple of 14?
True
Does 658 divide 259363756?
False
Does 10 divide 518773180?
True
Is 241 a factor of 748882341?
False
Does 300 divide 604200?
True
Is 1156186795 a multiple of 215?
True
Is 367828461 a multiple of 10?
False
Is 21 a factor of 4692248043?
True
Does 168 divide 3193512?
True
Is 154810560 a multiple of 167?
False
Is 10828004 a multiple of 67?
True
Does 2264 divide 720255740?
False
Does 1198 divide 258335522?
True
Is 515857085 a multiple of 42?
False
Does 502 divide 1821801674?
True
Does 819 divide 314225730?
True
Does 70 divide 784504000?
True
Is 2213094100 a multiple of 6610?
True
Is 187308644 a multiple of 1098?
False
Does 34 divide 31083344?
True
Does 43 divide 84189169?
False
Is 42138925 a multiple of 123?
False
Does 13 divide 64705823?
True
Is 49555591 a multiple of 19?
True
Is 640 a factor of 16027698?
False
Is 79599165 a multiple of 5?
True
Is 604073377 a multiple of 1344?
False
Is 81865645 a multiple of 338?
False
Does 912 divide 302497383?
False
Does 150 divide 3767848?
False
Does 22 divide 47694191?
False
Does 23 divide 1497507518?
False
Is 143 a factor of 4188165?
False
Is 99364672 a multiple of 464?
True
Is 9 a factor of 1779799859?
False
Does 209 divide 5367425?
False
Is 374703 a multiple of 2?
False
Is 20 a factor of 256583007?
False
Is 366078498 a multiple of 934?
True
Is 47919040 a multiple of 208?
True
Does 2335 divide 166153930?
True
Is 637970784 a multiple of 3048?
True
Is 1358857 a multiple of 13?
False
Does 248 divide 15874976?
True
Is 56 a factor of 47581140?
False
Is 133 a factor of 250705?
True
Is 1502 a factor of 66206117?
False
Is 118 a factor of 330828406?
False
Does 44 divide 537714?
False
Does 102 divide 508298946?
True
Is 113008933 a multiple of 1971?
False
Does 135 divide 637820565?
False
Is 242 a factor of 26184394?
False
Does 271 divide 981020?
True
Does 3 divide 59587392?
True
Is 179487008 a multiple of 32?
True
Is 312512064 a multiple of 48?
True
Is 124 a factor of 268124461?
False
Is 35498212 a multiple of 181?
False
Does 4161 divide 217216683?
True
Does 7 divide 304825339?
True
Is 174 a factor of 8843028?
True
Is 23 a factor of 265549303?
False
Is 668 a factor of 522237724?
True
Is 19 a factor of 760751637?
False
Is 2 a factor of 171405?
False
Does 5027 divide 129339683?
True
Does 2635 divide 94672915?
True
Is 29855625 a multiple of 6?
False
Is 332461546 a multiple of 3193?
True
Does 103 divide 329658710?
True
Does 695 divide 181786980?
True
Is 40707880 a multiple of 20?
True
Is 3903381 a multiple of 531?
True
Is 2451 a factor of 1202511108?
False
Is 2 a factor of 3032683?
False
Is 390 a factor of 109536180?
True
Is 251902869 a multiple of 272?
False
Is 23 a factor of 5388102084?
True
Is 453791584 a multiple of 1259?
False
Is 42 a factor of 506805412?
False
Is 363752892 a multiple of 254?
True
Is 14420040 a multiple of 8?
True
Is 15211717 a multiple of 23?
True
Does 22 divide 1366244309?
False
Is 138435426 a multiple of 1032?
False
Does 13 divide 849284038?
False
Is 17541303 a multiple of 694?
False
Is 1018151640 a multiple of 2894?
False
Does 531 divide 109885241?
False
Is 157683330 a multiple of 866?
False
Does 53 divide 29226440?
False
Is 1743 a factor of 55419347?
False
Does 1446 divide 3151734858?
True
Does 6 divide 9590997?
False
Does 2314 divide 918137347?
False
Is 5388094882 a multiple of 74?
True
Is 79749460 a multiple of 133?
True
Is 892435 a multiple of 45?
False
Does 24 divide 726416?
False
Is 127543802 a multiple of 49?
False
Is 85228343 a multiple of 7?
False
Is 54 a factor of 313658082?
True
Is 332 a factor of 1055507484?
False
Does 34 divide 116523136?
False
Is 226680111 a multiple of 64?
False
Is 9477930 a multiple of 55?
True
Does 2062 divide 16096638?
False
Does 714 divide 1091760553?
False
Is 4 a factor of 100830597?
False
